Last updated on 2023-06-05 05:54:47 CEST.
Flavor | Version | Tinstall | Tcheck | Ttotal | Status | Flags |
---|---|---|---|---|---|---|
r-devel-linux-x86_64-debian-clang | 1.2.1 | 8.59 | 249.83 | 258.42 | NOTE | |
r-devel-linux-x86_64-debian-gcc | 1.2.1 | 6.35 | 183.06 | 189.41 | NOTE | |
r-devel-linux-x86_64-fedora-clang | 1.2.1 | 309.74 | NOTE | |||
r-devel-linux-x86_64-fedora-gcc | 1.2.1 | 303.04 | NOTE | |||
r-devel-windows-x86_64 | 1.2.1 | 8.00 | 222.00 | 230.00 | NOTE | |
r-patched-linux-x86_64 | 1.2.1 | 10.78 | 237.09 | 247.87 | NOTE | |
r-release-linux-x86_64 | 1.2.1 | 6.34 | 232.23 | 238.57 | NOTE | |
r-release-macos-arm64 | 1.2.1 | 104.00 | NOTE | |||
r-release-macos-x86_64 | 1.2.1 | 186.00 | NOTE | |||
r-release-windows-x86_64 | 1.2.1 | 11.00 | 275.00 | 286.00 | NOTE | |
r-oldrel-macos-arm64 | 1.2.1 | 88.00 | OK | |||
r-oldrel-macos-x86_64 | 1.2.1 | 130.00 | OK | |||
r-oldrel-windows-x86_64 | 1.2.1 | 10.00 | 271.00 | 281.00 | OK |
Version: 1.2.1
Check: dependencies in R code
Result: NOTE
‘library’ or ‘require’ call to ‘progress’ in package code.
Please use :: or requireNamespace() instead.
See section 'Suggested packages' in the 'Writing R Extensions' manual.
Flavors: r-devel-linux-x86_64-debian-clang, r-devel-linux-x86_64-debian-gcc, r-devel-linux-x86_64-fedora-clang, r-devel-linux-x86_64-fedora-gcc, r-devel-windows-x86_64, r-patched-linux-x86_64, r-release-linux-x86_64, r-release-macos-arm64, r-release-macos-x86_64, r-release-windows-x86_64