Last updated on 2023-06-03 05:52:43 CEST.
Flavor | Version | Tinstall | Tcheck | Ttotal | Status | Flags |
---|---|---|---|---|---|---|
r-devel-linux-x86_64-debian-clang | 0.1.4 | 13.35 | 251.19 | 264.54 | OK | |
r-devel-linux-x86_64-debian-gcc | 0.1.4 | 9.51 | 184.80 | 194.31 | OK | |
r-devel-linux-x86_64-fedora-clang | 0.1.4 | 325.03 | NOTE | |||
r-devel-linux-x86_64-fedora-gcc | 0.1.4 | 315.54 | NOTE | |||
r-devel-windows-x86_64 | 0.1.4 | 13.00 | 205.00 | 218.00 | OK | |
r-patched-linux-x86_64 | 0.1.4 | OK | ||||
r-release-linux-x86_64 | 0.1.4 | 7.53 | 237.21 | 244.74 | OK | |
r-release-macos-arm64 | 0.1.4 | 90.00 | OK | |||
r-release-macos-x86_64 | 0.1.4 | 160.00 | OK | |||
r-release-windows-x86_64 | 0.1.4 | 15.00 | 246.00 | 261.00 | OK | |
r-oldrel-macos-arm64 | 0.1.4 | 76.00 | OK | |||
r-oldrel-macos-x86_64 | 0.1.4 | 109.00 | OK | |||
r-oldrel-windows-x86_64 | 0.1.4 | 15.00 | 243.00 | 258.00 | OK |
Version: 0.1.4
Check: data for non-ASCII characters
Result: NOTE
Note: found 4 marked UTF-8 strings
Flavors: r-devel-linux-x86_64-fedora-clang, r-devel-linux-x86_64-fedora-gcc