CRAN Package Check Results for Package sBIC

Last updated on 2023-06-07 05:58:32 CEST.

Flavor Version Tinstall Tcheck Ttotal Status Flags
r-devel-linux-x86_64-debian-clang 0.2.0 24.96 60.76 85.72 OK
r-devel-linux-x86_64-debian-gcc 0.2.0 17.43 45.81 63.24 OK
r-devel-linux-x86_64-fedora-clang 0.2.0 118.88 NOTE
r-devel-linux-x86_64-fedora-gcc 0.2.0 267.48 NOTE
r-devel-windows-x86_64 0.2.0 20.00 87.00 107.00 OK
r-patched-linux-x86_64 0.2.0 18.33 58.08 76.41 OK
r-release-linux-x86_64 0.2.0 19.60 58.09 77.69 OK
r-release-macos-arm64 0.2.0 91.00 OK
r-release-macos-x86_64 0.2.0 123.00 OK
r-release-windows-x86_64 0.2.0 25.00 97.00 122.00 OK
r-oldrel-macos-arm64 0.2.0 77.00 OK
r-oldrel-macos-x86_64 0.2.0 95.00 OK
r-oldrel-windows-x86_64 0.2.0 23.00 93.00 116.00 OK

Check Details

Version: 0.2.0
Check: compiled code
Result: NOTE
    File ‘sBIC/libs/sBIC.so’:
     Found no calls to: ‘R_registerRoutines’, ‘R_useDynamicSymbols’
    
    It is good practice to register native routines and to disable symbol
    search.
    
    See ‘Writing portable packages’ in the ‘Writing R Extensions’ manual.
Flavors: r-devel-linux-x86_64-fedora-clang, r-devel-linux-x86_64-fedora-gcc