CRAN Package Check Results for Package s2net

Last updated on 2023-06-07 05:58:31 CEST.

Flavor Version Tinstall Tcheck Ttotal Status Flags
r-devel-linux-x86_64-debian-clang 1.0.4 42.63 47.25 89.88 NOTE
r-devel-linux-x86_64-debian-gcc 1.0.4 34.04 35.97 70.01 NOTE
r-devel-linux-x86_64-fedora-clang 1.0.4 129.49 NOTE
r-devel-linux-x86_64-fedora-gcc 1.0.4 130.85 NOTE
r-devel-windows-x86_64 1.0.4 32.00 84.00 116.00 NOTE
r-patched-linux-x86_64 1.0.4 34.51 44.37 78.88 NOTE
r-release-linux-x86_64 1.0.4 34.78 44.67 79.45 NOTE
r-release-macos-arm64 1.0.4 44.00 NOTE
r-release-macos-x86_64 1.0.4 68.00 NOTE
r-release-windows-x86_64 1.0.4 42.00 93.00 135.00 NOTE
r-oldrel-macos-arm64 1.0.4 35.00 OK
r-oldrel-macos-x86_64 1.0.4 47.00 OK
r-oldrel-windows-x86_64 1.0.4 41.00 90.00 131.00 OK

Check Details

Version: 1.0.4
Check: C++ specification
Result: NOTE
     Specified C++11: please drop specification unless essential
Flavors: r-devel-linux-x86_64-debian-clang, r-devel-linux-x86_64-debian-gcc, r-devel-linux-x86_64-fedora-clang, r-devel-linux-x86_64-fedora-gcc, r-devel-windows-x86_64, r-patched-linux-x86_64, r-release-linux-x86_64, r-release-macos-arm64, r-release-macos-x86_64, r-release-windows-x86_64