CRAN Package Check Results for Package rusk

Last updated on 2023-05-28 05:52:18 CEST.

Flavor Version Tinstall Tcheck Ttotal Status Flags
r-devel-linux-x86_64-debian-clang 0.1.1 7.81 54.45 62.26 NOTE
r-devel-linux-x86_64-debian-gcc 0.1.1 5.54 41.37 46.91 NOTE
r-devel-linux-x86_64-fedora-clang 0.1.1 75.64 NOTE
r-devel-linux-x86_64-fedora-gcc 0.1.1 71.35 NOTE
r-devel-windows-x86_64 0.1.1 8.00 58.00 66.00 NOTE
r-patched-linux-x86_64 0.1.1 3.82 51.04 54.86 NOTE
r-release-linux-x86_64 0.1.1 4.09 51.28 55.37 NOTE
r-release-macos-arm64 0.1.1 25.00 NOTE
r-release-macos-x86_64 0.1.1 40.00 NOTE
r-release-windows-x86_64 0.1.1 8.00 65.00 73.00 NOTE
r-oldrel-macos-arm64 0.1.1 25.00 NOTE
r-oldrel-macos-x86_64 0.1.1 47.00 NOTE
r-oldrel-windows-x86_64 0.1.1 10.00 71.00 81.00 NOTE

Check Details

Version: 0.1.1
Check: LazyData
Result: NOTE
     'LazyData' is specified without a 'data' directory
Flavors: r-devel-linux-x86_64-debian-clang, r-devel-linux-x86_64-debian-gcc, r-devel-linux-x86_64-fedora-clang, r-devel-linux-x86_64-fedora-gcc, r-devel-windows-x86_64, r-patched-linux-x86_64, r-release-linux-x86_64, r-release-macos-arm64, r-release-macos-x86_64, r-release-windows-x86_64, r-oldrel-macos-arm64, r-oldrel-macos-x86_64, r-oldrel-windows-x86_64