Last updated on 2023-06-07 05:58:31 CEST.
Flavor | Version | Tinstall | Tcheck | Ttotal | Status | Flags |
---|---|---|---|---|---|---|
r-devel-linux-x86_64-debian-clang | 2.1.0 | 7.33 | 57.01 | 64.34 | NOTE | |
r-devel-linux-x86_64-debian-gcc | 2.1.0 | 5.33 | 42.86 | 48.19 | NOTE | |
r-devel-linux-x86_64-fedora-clang | 2.1.0 | 83.83 | NOTE | |||
r-devel-linux-x86_64-fedora-gcc | 2.1.0 | 75.08 | NOTE | |||
r-devel-windows-x86_64 | 2.1.0 | 8.00 | 69.00 | 77.00 | NOTE | |
r-patched-linux-x86_64 | 2.1.0 | 6.08 | 52.86 | 58.94 | NOTE | |
r-release-linux-x86_64 | 2.1.0 | 4.24 | 52.54 | 56.78 | NOTE | |
r-release-macos-arm64 | 2.1.0 | 27.00 | NOTE | |||
r-release-macos-x86_64 | 2.1.0 | 40.00 | NOTE | |||
r-release-windows-x86_64 | 2.1.0 | 9.00 | 70.00 | 79.00 | NOTE | |
r-oldrel-macos-arm64 | 2.1.0 | 26.00 | NOTE | |||
r-oldrel-macos-x86_64 | 2.1.0 | 47.00 | NOTE | |||
r-oldrel-windows-x86_64 | 2.1.0 | 9.00 | 73.00 | 82.00 | NOTE |
Version: 2.1.0
Check: LazyData
Result: NOTE
'LazyData' is specified without a 'data' directory
Flavors: r-devel-linux-x86_64-debian-clang, r-devel-linux-x86_64-debian-gcc, r-devel-linux-x86_64-fedora-clang, r-devel-linux-x86_64-fedora-gcc, r-devel-windows-x86_64, r-patched-linux-x86_64, r-release-linux-x86_64, r-release-macos-arm64, r-release-macos-x86_64, r-release-windows-x86_64, r-oldrel-macos-arm64, r-oldrel-macos-x86_64, r-oldrel-windows-x86_64