CRAN Package Check Results for Package rtrends

Last updated on 2023-05-30 05:57:45 CEST.

Flavor Version Tinstall Tcheck Ttotal Status Flags
r-devel-linux-x86_64-debian-clang 0.1.0 2.17 21.29 23.46 OK
r-devel-linux-x86_64-debian-gcc 0.1.0 1.31 17.30 18.61 OK
r-devel-linux-x86_64-fedora-clang 0.1.0 31.88 NOTE
r-devel-linux-x86_64-fedora-gcc 0.1.0 28.71 NOTE
r-devel-windows-x86_64 0.1.0 4.00 41.00 45.00 OK
r-patched-linux-x86_64 0.1.0 1.44 21.35 22.79 OK
r-release-linux-x86_64 0.1.0 1.40 21.16 22.56 OK
r-release-macos-arm64 0.1.0 17.00 OK
r-release-macos-x86_64 0.1.0 20.00 OK
r-release-windows-x86_64 0.1.0 4.00 40.00 44.00 OK
r-oldrel-macos-arm64 0.1.0 15.00 NOTE
r-oldrel-macos-x86_64 0.1.0 26.00 NOTE
r-oldrel-windows-x86_64 0.1.0 4.00 49.00 53.00 OK

Check Details

Version: 0.1.0
Check: dependencies in R code
Result: NOTE
    Namespace in Imports field not imported from: ‘dplyr’
     All declared Imports should be used.
Flavors: r-devel-linux-x86_64-fedora-clang, r-devel-linux-x86_64-fedora-gcc, r-oldrel-macos-arm64, r-oldrel-macos-x86_64