CRAN Package Check Results for Package rtf

Last updated on 2023-06-07 05:58:31 CEST.

Flavor Version Tinstall Tcheck Ttotal Status Flags
r-devel-linux-x86_64-debian-clang 0.4-14.1 3.84 48.27 52.11 NOTE
r-devel-linux-x86_64-debian-gcc 0.4-14.1 2.92 37.93 40.85 NOTE
r-devel-linux-x86_64-fedora-clang 0.4-14.1 69.88 NOTE
r-devel-linux-x86_64-fedora-gcc 0.4-14.1 75.33 NOTE
r-devel-windows-x86_64 0.4-14.1 3.00 75.00 78.00 OK
r-patched-linux-x86_64 0.4-14.1 3.56 47.05 50.61 NOTE
r-release-linux-x86_64 0.4-14.1 3.45 47.57 51.02 NOTE
r-release-macos-arm64 0.4-14.1 33.00 OK
r-release-macos-x86_64 0.4-14.1 56.00 OK
r-release-windows-x86_64 0.4-14.1 4.00 71.00 75.00 OK
r-oldrel-macos-arm64 0.4-14.1 36.00 OK
r-oldrel-macos-x86_64 0.4-14.1 41.00 OK
r-oldrel-windows-x86_64 0.4-14.1 5.00 75.00 80.00 OK

Check Details

Version: 0.4-14.1
Check: for non-standard things in the check directory
Result: NOTE
    Found the following files/directories:
     ‘test_addPageBreak.doc’ ‘test_addPlot.doc’ ‘test_addSessionInfo.doc’
     ‘test_addTable.doc’
Flavors: r-devel-linux-x86_64-debian-clang, r-devel-linux-x86_64-debian-gcc, r-devel-linux-x86_64-fedora-clang, r-devel-linux-x86_64-fedora-gcc, r-patched-linux-x86_64, r-release-linux-x86_64