CRAN Package Check Results for Package rsparkling

Last updated on 2023-06-10 05:52:44 CEST.

Flavor Version Tinstall Tcheck Ttotal Status Flags
r-devel-linux-x86_64-debian-clang 0.2.19 7.62 49.89 57.51 NOTE
r-devel-linux-x86_64-debian-gcc 0.2.19 5.92 37.05 42.97 NOTE
r-devel-linux-x86_64-fedora-clang 0.2.19 72.31 NOTE
r-devel-linux-x86_64-fedora-gcc 0.2.19 66.36 NOTE
r-devel-windows-x86_64 0.2.19 8.00 46.00 54.00 NOTE
r-patched-linux-x86_64 0.2.19 5.08 46.55 51.63 NOTE
r-release-linux-x86_64 0.2.19 5.05 45.93 50.98 NOTE
r-release-macos-arm64 0.2.19 25.00 NOTE
r-release-macos-x86_64 0.2.19 37.00 NOTE
r-release-windows-x86_64 0.2.19 9.00 57.00 66.00 NOTE
r-oldrel-macos-arm64 0.2.19 20.00 NOTE
r-oldrel-macos-x86_64 0.2.19 35.00 NOTE
r-oldrel-windows-x86_64 0.2.19 10.00 59.00 69.00 NOTE

Check Details

Version: 0.2.19
Check: LazyData
Result: NOTE
     'LazyData' is specified without a 'data' directory
Flavors: r-devel-linux-x86_64-debian-clang, r-devel-linux-x86_64-debian-gcc, r-devel-linux-x86_64-fedora-clang, r-devel-linux-x86_64-fedora-gcc, r-devel-windows-x86_64, r-patched-linux-x86_64, r-release-linux-x86_64, r-release-macos-arm64, r-release-macos-x86_64, r-release-windows-x86_64, r-oldrel-macos-arm64, r-oldrel-macos-x86_64, r-oldrel-windows-x86_64

Version: 0.2.19
Check: dependencies in R code
Result: NOTE
    Namespace in Imports field not imported from: ‘h2o’
     All declared Imports should be used.
Flavors: r-devel-linux-x86_64-fedora-clang, r-devel-linux-x86_64-fedora-gcc, r-oldrel-macos-arm64, r-oldrel-macos-x86_64