CRAN Package Check Results for Package rrpack

Last updated on 2023-05-28 05:52:17 CEST.

Flavor Version Tinstall Tcheck Ttotal Status Flags
r-devel-linux-x86_64-debian-clang 0.1-13 124.13 127.97 252.10 NOTE
r-devel-linux-x86_64-debian-gcc 0.1-13 92.29 94.35 186.64 NOTE
r-devel-linux-x86_64-fedora-clang 0.1-13 347.16 NOTE
r-devel-linux-x86_64-fedora-gcc 0.1-13 329.80 NOTE
r-devel-windows-x86_64 0.1-13 96.00 120.00 216.00 NOTE
r-patched-linux-x86_64 0.1-13 98.94 117.83 216.77 NOTE
r-release-linux-x86_64 0.1-13 98.83 119.69 218.52 NOTE
r-release-macos-arm64 0.1-13 80.00 NOTE
r-release-macos-x86_64 0.1-13 140.00 NOTE
r-release-windows-x86_64 0.1-13 118.00 151.00 269.00 NOTE
r-oldrel-macos-arm64 0.1-13 75.00 OK
r-oldrel-macos-x86_64 0.1-13 100.00 OK
r-oldrel-windows-x86_64 0.1-13 116.00 144.00 260.00 OK

Check Details

Version: 0.1-13
Check: C++ specification
Result: NOTE
     Specified C++11: please drop specification unless essential
Flavors: r-devel-linux-x86_64-debian-clang, r-devel-linux-x86_64-debian-gcc, r-devel-linux-x86_64-fedora-clang, r-devel-linux-x86_64-fedora-gcc, r-devel-windows-x86_64, r-patched-linux-x86_64, r-release-linux-x86_64, r-release-macos-arm64, r-release-macos-x86_64, r-release-windows-x86_64