Last updated on 2023-06-07 05:58:31 CEST.
Flavor | Version | Tinstall | Tcheck | Ttotal | Status | Flags |
---|---|---|---|---|---|---|
r-devel-linux-x86_64-debian-clang | 1.6.4 | 126.51 | 106.34 | 232.85 | NOTE | |
r-devel-linux-x86_64-debian-gcc | 1.6.4 | 98.95 | 79.51 | 178.46 | NOTE | |
r-devel-linux-x86_64-fedora-clang | 1.6.4 | 347.60 | NOTE | |||
r-devel-linux-x86_64-fedora-gcc | 1.6.4 | 338.83 | NOTE | |||
r-devel-windows-x86_64 | 1.6.4 | 102.00 | 162.00 | 264.00 | NOTE | |
r-patched-linux-x86_64 | 1.6.4 | 106.97 | 100.00 | 206.97 | NOTE | |
r-release-linux-x86_64 | 1.6.4 | 102.11 | 100.07 | 202.18 | NOTE | |
r-release-macos-arm64 | 1.6.4 | 92.00 | NOTE | |||
r-release-macos-x86_64 | 1.6.4 | 148.00 | NOTE | |||
r-release-windows-x86_64 | 1.6.4 | 126.00 | 183.00 | 309.00 | NOTE | |
r-oldrel-macos-arm64 | 1.6.4 | 77.00 | NOTE | |||
r-oldrel-macos-x86_64 | 1.6.4 | 107.00 | NOTE | |||
r-oldrel-windows-x86_64 | 1.6.4 | 123.00 | 167.00 | 290.00 | NOTE |
Version: 1.6.4
Check: C++ specification
Result: NOTE
Specified C++11: please drop specification unless essential
Flavors: r-devel-linux-x86_64-debian-clang, r-devel-linux-x86_64-debian-gcc, r-devel-linux-x86_64-fedora-clang, r-devel-linux-x86_64-fedora-gcc, r-devel-windows-x86_64, r-patched-linux-x86_64, r-release-linux-x86_64, r-release-macos-arm64, r-release-macos-x86_64, r-release-windows-x86_64
Version: 1.6.4
Check: installed package size
Result: NOTE
installed size is 5.0Mb
sub-directories of 1Mb or more:
R 1.1Mb
data 2.7Mb
Flavors: r-devel-linux-x86_64-fedora-clang, r-devel-windows-x86_64, r-release-macos-arm64, r-release-macos-x86_64, r-release-windows-x86_64, r-oldrel-macos-arm64, r-oldrel-macos-x86_64, r-oldrel-windows-x86_64