Last updated on 2023-06-05 05:54:46 CEST.
Flavor | Version | Tinstall | Tcheck | Ttotal | Status | Flags |
---|---|---|---|---|---|---|
r-devel-linux-x86_64-debian-clang | 0.3.12 | 15.35 | 119.46 | 134.81 | OK | |
r-devel-linux-x86_64-debian-gcc | 0.3.12 | 12.44 | 88.58 | 101.02 | OK | |
r-devel-linux-x86_64-fedora-clang | 0.3.12 | 181.97 | OK | |||
r-devel-linux-x86_64-fedora-gcc | 0.3.12 | 157.76 | OK | |||
r-devel-windows-x86_64 | 0.3.12 | 16.00 | 111.00 | 127.00 | OK | |
r-patched-linux-x86_64 | 0.3.12 | 22.68 | 110.60 | 133.28 | OK | |
r-release-linux-x86_64 | 0.3.12 | 12.17 | 110.50 | 122.67 | OK | |
r-release-macos-arm64 | 0.3.12 | 48.00 | OK | |||
r-release-macos-x86_64 | 0.3.12 | 73.00 | NOTE | |||
r-release-windows-x86_64 | 0.3.12 | 20.00 | 138.00 | 158.00 | OK | |
r-oldrel-macos-arm64 | 0.3.12 | 33.00 | OK | |||
r-oldrel-macos-x86_64 | 0.3.12 | 63.00 | OK | |||
r-oldrel-windows-x86_64 | 0.3.12 | 21.00 | 132.00 | 153.00 | OK |
Version: 0.3.12
Check: package dependencies
Result: NOTE
Package suggested but not available for checking: ‘MBESS’
Flavor: r-release-macos-x86_64