Last updated on 2023-06-08 05:58:20 CEST.
Flavor | Version | Tinstall | Tcheck | Ttotal | Status | Flags |
---|---|---|---|---|---|---|
r-devel-linux-x86_64-debian-clang | 1.1.3 | 95.54 | 29.92 | 125.46 | OK | |
r-devel-linux-x86_64-debian-gcc | 1.1.3 | 78.41 | 23.59 | 102.00 | OK | |
r-devel-linux-x86_64-fedora-clang | 1.1.3 | 195.17 | OK | |||
r-devel-linux-x86_64-fedora-gcc | 1.1.3 | 195.28 | OK | |||
r-devel-windows-x86_64 | 1.1.3 | 73.00 | 67.00 | 140.00 | OK | |
r-patched-linux-x86_64 | 1.1.3 | 84.94 | 29.53 | 114.47 | OK | |
r-release-linux-x86_64 | 1.1.3 | 83.29 | 29.24 | 112.53 | OK | |
r-release-macos-arm64 | 1.1.3 | 49.00 | OK | |||
r-release-macos-x86_64 | 1.1.2 | 83.00 | NOTE | |||
r-release-windows-x86_64 | 1.1.3 | 98.00 | 75.00 | 173.00 | OK | |
r-oldrel-macos-arm64 | 1.1.3 | 50.00 | OK | |||
r-oldrel-macos-x86_64 | 1.1.3 | 57.00 | OK | |||
r-oldrel-windows-x86_64 | 1.1.3 | 94.00 | 72.00 | 166.00 | OK |
Version: 1.1.2
Check: C++ specification
Result: NOTE
Specified C++11: please drop specification unless essential
Flavor: r-release-macos-x86_64