CRAN Package Check Results for Package roboBayes

Last updated on 2023-06-09 05:55:10 CEST.

Flavor Version Tinstall Tcheck Ttotal Status Flags
r-devel-linux-x86_64-debian-clang 1.1 188.65 29.02 217.67 NOTE
r-devel-linux-x86_64-debian-gcc 1.1 151.13 23.23 174.36 NOTE
r-devel-linux-x86_64-fedora-clang 1.1 361.06 NOTE
r-devel-linux-x86_64-fedora-gcc 1.1 353.55 NOTE
r-devel-windows-x86_64 1.1 144.00 63.00 207.00 NOTE
r-patched-linux-x86_64 1.1 159.22 28.21 187.43 NOTE
r-release-linux-x86_64 1.1 177.30 28.65 205.95 NOTE
r-release-macos-arm64 1.1 70.00 NOTE
r-release-macos-x86_64 1.1 116.00 NOTE
r-release-windows-x86_64 1.1 189.00 72.00 261.00 NOTE
r-oldrel-macos-arm64 1.1 76.00 NOTE
r-oldrel-macos-x86_64 1.1 88.00 NOTE
r-oldrel-windows-x86_64 1.1 190.00 72.00 262.00 OK

Check Details

Version: 1.1
Check: C++ specification
Result: NOTE
     Specified C++11: please drop specification unless essential
Flavors: r-devel-linux-x86_64-debian-clang, r-devel-linux-x86_64-debian-gcc, r-devel-linux-x86_64-fedora-clang, r-devel-linux-x86_64-fedora-gcc, r-devel-windows-x86_64, r-patched-linux-x86_64, r-release-linux-x86_64, r-release-macos-arm64, r-release-macos-x86_64, r-release-windows-x86_64

Version: 1.1
Check: installed package size
Result: NOTE
     installed size is 7.3Mb
     sub-directories of 1Mb or more:
     libs 7.2Mb
Flavors: r-release-macos-arm64, r-release-macos-x86_64, r-oldrel-macos-arm64, r-oldrel-macos-x86_64