CRAN Package Check Results for Package rmdpartials

Last updated on 2023-05-27 05:52:38 CEST.

Flavor Version Tinstall Tcheck Ttotal Status Flags
r-devel-linux-x86_64-debian-clang 0.5.8 2.44 29.08 31.52 NOTE
r-devel-linux-x86_64-debian-gcc 0.5.8 1.70 22.89 24.59 NOTE
r-devel-linux-x86_64-fedora-clang 0.5.8 40.16 NOTE
r-devel-linux-x86_64-fedora-gcc 0.5.8 49.12 NOTE
r-devel-windows-x86_64 0.5.8 4.00 48.00 52.00 NOTE
r-patched-linux-x86_64 0.5.8 1.85 27.95 29.80 NOTE
r-release-linux-x86_64 0.5.8 2.37 27.90 30.27 NOTE
r-release-macos-arm64 0.5.8 30.00 NOTE
r-release-macos-x86_64 0.5.8 34.00 NOTE
r-release-windows-x86_64 0.5.8 4.00 50.00 54.00 NOTE
r-oldrel-macos-arm64 0.5.8 19.00 NOTE
r-oldrel-macos-x86_64 0.5.8 26.00 NOTE
r-oldrel-windows-x86_64 0.5.8 4.00 52.00 56.00 NOTE

Check Details

Version: 0.5.8
Check: package subdirectories
Result: NOTE
    Problems with news in ‘NEWS.md’:
    No news entries found.
Flavors: r-devel-linux-x86_64-debian-clang, r-devel-linux-x86_64-debian-gcc, r-devel-linux-x86_64-fedora-clang, r-devel-linux-x86_64-fedora-gcc, r-devel-windows-x86_64, r-patched-linux-x86_64, r-release-linux-x86_64, r-release-macos-arm64, r-release-macos-x86_64, r-release-windows-x86_64

Version: 0.5.8
Check: LazyData
Result: NOTE
     'LazyData' is specified without a 'data' directory
Flavors: r-devel-linux-x86_64-debian-clang, r-devel-linux-x86_64-debian-gcc, r-devel-linux-x86_64-fedora-clang, r-devel-linux-x86_64-fedora-gcc, r-devel-windows-x86_64, r-patched-linux-x86_64, r-release-linux-x86_64, r-release-macos-arm64, r-release-macos-x86_64, r-release-windows-x86_64, r-oldrel-macos-arm64, r-oldrel-macos-x86_64, r-oldrel-windows-x86_64