CRAN Package Check Results for Package rmarchingcubes

Last updated on 2023-06-07 05:58:30 CEST.

Flavor Version Tinstall Tcheck Ttotal Status Flags
r-devel-linux-x86_64-debian-clang 0.1.3 38.93 52.34 91.27 NOTE
r-devel-linux-x86_64-debian-gcc 0.1.3 35.60 39.24 74.84 NOTE
r-devel-linux-x86_64-fedora-clang 0.1.3 140.28 NOTE
r-devel-linux-x86_64-fedora-gcc 0.1.3 138.89 NOTE
r-devel-windows-x86_64 0.1.3 35.00 82.00 117.00 NOTE
r-patched-linux-x86_64 0.1.3 36.25 48.50 84.75 NOTE
r-release-linux-x86_64 0.1.3 31.43 49.12 80.55 NOTE
r-release-macos-arm64 0.1.3 38.00 NOTE
r-release-macos-x86_64 0.1.3 60.00 NOTE
r-release-windows-x86_64 0.1.3 44.00 90.00 134.00 NOTE
r-oldrel-macos-arm64 0.1.3 37.00 OK
r-oldrel-macos-x86_64 0.1.3 46.00 OK
r-oldrel-windows-x86_64 0.1.3 44.00 90.00 134.00 OK

Check Details

Version: 0.1.3
Check: C++ specification
Result: NOTE
     Specified C++11: please drop specification unless essential
Flavors: r-devel-linux-x86_64-debian-clang, r-devel-linux-x86_64-debian-gcc, r-devel-linux-x86_64-fedora-clang, r-devel-linux-x86_64-fedora-gcc, r-devel-windows-x86_64, r-patched-linux-x86_64, r-release-linux-x86_64, r-release-macos-arm64, r-release-macos-x86_64, r-release-windows-x86_64