Last updated on 2023-06-07 05:58:30 CEST.
Flavor | Version | Tinstall | Tcheck | Ttotal | Status | Flags |
---|---|---|---|---|---|---|
r-devel-linux-x86_64-debian-clang | 0.1.15 | 1257.55 | 194.31 | 1451.86 | NOTE | |
r-devel-linux-x86_64-debian-gcc | 0.1.15 | 1214.28 | 220.01 | 1434.29 | NOTE | |
r-devel-linux-x86_64-fedora-clang | 0.1.15 | 1843.75 | NOTE | |||
r-devel-linux-x86_64-fedora-gcc | 0.1.15 | 2552.49 | NOTE | |||
r-devel-windows-x86_64 | 0.1.15 | 934.00 | 276.00 | 1210.00 | NOTE | |
r-patched-linux-x86_64 | 0.1.15 | 966.32 | 282.60 | 1248.92 | NOTE | |
r-release-linux-x86_64 | 0.1.15 | 948.81 | 282.13 | 1230.94 | NOTE | |
r-release-macos-arm64 | 0.1.15 | 574.00 | NOTE | |||
r-release-macos-x86_64 | 0.1.15 | 889.00 | NOTE | |||
r-release-windows-x86_64 | 0.1.15 | 1269.00 | 345.00 | 1614.00 | NOTE | |
r-oldrel-macos-arm64 | 0.1.15 | 342.00 | NOTE | |||
r-oldrel-macos-x86_64 | 0.1.15 | 621.00 | NOTE | |||
r-oldrel-windows-x86_64 | 0.1.15 | 1180.00 | 294.00 | 1474.00 | NOTE |
Version: 0.1.15
Check: for GNU extensions in Makefiles
Result: NOTE
GNU make is a SystemRequirements.
Flavors: r-devel-linux-x86_64-debian-clang, r-devel-linux-x86_64-debian-gcc, r-devel-linux-x86_64-fedora-clang, r-devel-linux-x86_64-fedora-gcc, r-devel-windows-x86_64, r-patched-linux-x86_64, r-release-linux-x86_64, r-release-macos-arm64, r-release-macos-x86_64, r-release-windows-x86_64, r-oldrel-macos-arm64, r-oldrel-macos-x86_64, r-oldrel-windows-x86_64
Version: 0.1.15
Check: installed package size
Result: NOTE
installed size is 11.3Mb
sub-directories of 1Mb or more:
libs 10.9Mb
Flavors: r-devel-linux-x86_64-fedora-clang, r-devel-windows-x86_64, r-release-macos-arm64, r-release-macos-x86_64, r-release-windows-x86_64, r-oldrel-macos-arm64, r-oldrel-macos-x86_64, r-oldrel-windows-x86_64