CRAN Package Check Results for Package rjdqa

Last updated on 2023-06-08 05:58:19 CEST.

Flavor Version Tinstall Tcheck Ttotal Status Flags
r-devel-linux-x86_64-debian-clang 0.1.1 5.19 56.18 61.37 NOTE
r-devel-linux-x86_64-debian-gcc 0.1.1 4.18 41.87 46.05 NOTE
r-devel-linux-x86_64-fedora-clang 0.1.1 73.43 NOTE
r-devel-linux-x86_64-fedora-gcc 0.1.1 75.17 NOTE
r-devel-windows-x86_64 0.1.1 4.00 63.00 67.00 NOTE
r-patched-linux-x86_64 0.1.1 4.81 53.48 58.29 NOTE
r-release-linux-x86_64 0.1.1 5.17 53.22 58.39 NOTE
r-release-macos-arm64 0.1.1 25.00 NOTE
r-release-macos-x86_64 0.1.1 41.00 NOTE
r-release-windows-x86_64 0.1.1 5.00 64.00 69.00 NOTE
r-oldrel-macos-arm64 0.1.1 24.00 NOTE
r-oldrel-macos-x86_64 0.1.1 34.00 NOTE
r-oldrel-windows-x86_64 0.1.1 7.00 69.00 76.00 NOTE

Check Details

Version: 0.1.1
Check: LazyData
Result: NOTE
     'LazyData' is specified without a 'data' directory
Flavors: r-devel-linux-x86_64-debian-clang, r-devel-linux-x86_64-debian-gcc, r-devel-linux-x86_64-fedora-clang, r-devel-linux-x86_64-fedora-gcc, r-devel-windows-x86_64, r-patched-linux-x86_64, r-release-linux-x86_64, r-release-macos-arm64, r-release-macos-x86_64, r-release-windows-x86_64, r-oldrel-macos-arm64, r-oldrel-macos-x86_64, r-oldrel-windows-x86_64

Version: 0.1.1
Check: dependencies in R code
Result: NOTE
    Namespace in Imports field not imported from: ‘XLConnect’
     All declared Imports should be used.
Flavors: r-devel-linux-x86_64-fedora-clang, r-devel-linux-x86_64-fedora-gcc, r-oldrel-macos-x86_64