CRAN Package Check Results for Package rjdmarkdown

Last updated on 2023-06-09 05:55:09 CEST.

Flavor Version Tinstall Tcheck Ttotal Status Flags
r-devel-linux-x86_64-debian-clang 0.2.1 6.88 113.51 120.39 OK
r-devel-linux-x86_64-debian-gcc 0.2.1 5.82 83.77 89.59 OK
r-devel-linux-x86_64-fedora-clang 0.2.1 131.99 OK
r-devel-linux-x86_64-fedora-gcc 0.2.1 157.86 OK
r-devel-windows-x86_64 0.2.1 9.00 108.00 117.00 OK
r-patched-linux-x86_64 0.2.1 4.52 108.10 112.62 OK
r-release-linux-x86_64 0.2.1 4.52 109.01 113.53 OK
r-release-macos-arm64 0.2.1 54.00 OK
r-release-macos-x86_64 0.2.0 62.00 NOTE
r-release-windows-x86_64 0.2.1 10.00 106.00 116.00 OK
r-oldrel-macos-arm64 0.2.1 45.00 OK
r-oldrel-macos-x86_64 0.2.1 58.00 OK
r-oldrel-windows-x86_64 0.2.1 10.00 109.00 119.00 OK

Check Details

Version: 0.2.0
Check: LazyData
Result: NOTE
     'LazyData' is specified without a 'data' directory
Flavor: r-release-macos-x86_64