Last updated on 2023-06-06 05:55:21 CEST.
Flavor | Version | Tinstall | Tcheck | Ttotal | Status | Flags |
---|---|---|---|---|---|---|
r-devel-linux-x86_64-debian-clang | 0.2.2 | 90.82 | 54.43 | 145.25 | OK | |
r-devel-linux-x86_64-debian-gcc | 0.2.2 | 72.11 | 45.90 | 118.01 | OK | |
r-devel-linux-x86_64-fedora-clang | 0.2.2 | 208.12 | OK | |||
r-devel-linux-x86_64-fedora-gcc | 0.2.2 | 229.83 | OK | |||
r-devel-windows-x86_64 | 0.2.2 | 70.00 | 83.00 | 153.00 | OK | |
r-patched-linux-x86_64 | 0.2.2 | 66.34 | 57.29 | 123.63 | OK | |
r-release-linux-x86_64 | 0.2.2 | 63.10 | 58.50 | 121.60 | OK | |
r-release-macos-arm64 | 0.2.2 | 65.00 | NOTE | |||
r-release-macos-x86_64 | 0.2.2 | 94.00 | NOTE | |||
r-release-windows-x86_64 | 0.2.2 | 91.00 | 95.00 | 186.00 | OK | |
r-oldrel-macos-arm64 | 0.2.2 | 54.00 | NOTE | |||
r-oldrel-macos-x86_64 | 0.2.2 | 94.00 | NOTE | |||
r-oldrel-windows-x86_64 | 0.2.2 | 86.00 | 94.00 | 180.00 | OK |
Version: 0.2.2
Check: installed package size
Result: NOTE
installed size is 23.9Mb
sub-directories of 1Mb or more:
doc 1.4Mb
libs 22.4Mb
Flavors: r-release-macos-arm64, r-release-macos-x86_64, r-oldrel-macos-arm64, r-oldrel-macos-x86_64
Version: 0.2.2
Check: package dependencies
Result: NOTE
Package suggested but not available for checking: ‘portfolioBacktest’
Flavor: r-release-macos-x86_64