CRAN Package Check Results for Package rhandsontable

Last updated on 2024-02-28 05:13:02 CET.

Flavor Version Tinstall Tcheck Ttotal Status Flags
r-devel-linux-x86_64-debian-clang 0.3.8 4.45 77.22 81.67 NOTE
r-devel-linux-x86_64-debian-gcc 0.3.8 3.83 59.64 63.47 NOTE
r-devel-linux-x86_64-fedora-clang 0.3.8 99.44 NOTE
r-devel-linux-x86_64-fedora-gcc 0.3.8 109.30 NOTE
r-devel-windows-x86_64 0.3.8 8.00 79.00 87.00 NOTE
r-patched-linux-x86_64 0.3.8 4.41 73.36 77.77 OK
r-release-linux-x86_64 0.3.8 4.96 74.41 79.37 OK
r-release-macos-arm64 0.3.8 47.00 NOTE
r-release-macos-x86_64 0.3.8 62.00 NOTE
r-release-windows-x86_64 0.3.8 11.00 94.00 105.00 NOTE
r-oldrel-macos-arm64 0.3.8 36.00 NOTE
r-oldrel-windows-x86_64 0.3.8 12.00 99.00 111.00 NOTE

Check Details

Version: 0.3.8
Check: Rd files
Result: NOTE checkRd: (-1) rhandsontable-package.Rd:8: Lost braces 8 | R interface for creating tables using Handsontable, url{https://handsontable.com/} | ^ Flavors: r-devel-linux-x86_64-debian-clang, r-devel-linux-x86_64-debian-gcc, r-devel-linux-x86_64-fedora-clang, r-devel-linux-x86_64-fedora-gcc

Version: 0.3.8
Check: installed package size
Result: NOTE installed size is 11.8Mb sub-directories of 1Mb or more: doc 10.3Mb htmlwidgets 1.3Mb Flavors: r-devel-linux-x86_64-fedora-clang, r-devel-windows-x86_64, r-release-macos-arm64, r-release-macos-x86_64, r-release-windows-x86_64, r-oldrel-macos-arm64, r-oldrel-windows-x86_64