Last updated on 2023-09-29 06:01:33 CEST.
Flavor | Version | Tinstall | Tcheck | Ttotal | Status | Flags |
---|---|---|---|---|---|---|
r-devel-linux-x86_64-debian-clang | 0.0.10-4 | 339.54 | 49.65 | 389.19 | OK | |
r-devel-linux-x86_64-debian-gcc | 0.0.10-4 | 247.73 | 46.06 | 293.79 | OK | |
r-devel-linux-x86_64-fedora-clang | 0.0.10-4 | 631.83 | OK | |||
r-devel-linux-x86_64-fedora-gcc | 0.0.10-4 | 608.06 | OK | |||
r-devel-windows-x86_64 | 0.0.10-4 | 277.00 | 113.00 | 390.00 | OK | |
r-patched-linux-x86_64 | 0.0.10-4 | 339.87 | 58.70 | 398.57 | OK | |
r-release-linux-x86_64 | 0.0.10-4 | 343.90 | 58.01 | 401.91 | OK | |
r-release-macos-arm64 | 0.0.10-4 | 102.00 | NOTE | |||
r-release-macos-x86_64 | 0.0.10-4 | 109.00 | NOTE | |||
r-release-windows-x86_64 | 0.0.10-4 | 350.00 | 129.00 | 479.00 | OK | |
r-oldrel-macos-arm64 | 0.0.10-4 | 102.00 | NOTE | |||
r-oldrel-macos-x86_64 | 0.0.10-4 | 164.00 | NOTE | |||
r-oldrel-windows-x86_64 | 0.0.10-4 | 342.00 | 106.00 | 448.00 | OK |
Version: 0.0.10-4
Check: installed package size
Result: NOTE
installed size is 28.3Mb
sub-directories of 1Mb or more:
libs 27.1Mb
Flavors: r-release-macos-arm64, r-release-macos-x86_64, r-oldrel-macos-arm64, r-oldrel-macos-x86_64