Last updated on 2023-06-10 05:52:43 CEST.
Flavor | Version | Tinstall | Tcheck | Ttotal | Status | Flags |
---|---|---|---|---|---|---|
r-devel-linux-x86_64-debian-clang | 0.1.0 | 2.42 | 34.07 | 36.49 | NOTE | |
r-devel-linux-x86_64-debian-gcc | 0.1.0 | 1.82 | 27.13 | 28.95 | NOTE | |
r-devel-linux-x86_64-fedora-clang | 0.1.0 | 46.73 | NOTE | |||
r-devel-linux-x86_64-fedora-gcc | 0.1.0 | 55.81 | NOTE | |||
r-devel-windows-x86_64 | 0.1.0 | 7.00 | 51.00 | 58.00 | NOTE | |
r-patched-linux-x86_64 | 0.1.0 | 2.69 | 32.99 | 35.68 | NOTE | |
r-release-linux-x86_64 | 0.1.0 | 2.15 | 32.49 | 34.64 | NOTE | |
r-release-macos-arm64 | 0.1.0 | 20.00 | NOTE | |||
r-release-macos-x86_64 | 0.1.0 | 31.00 | NOTE | |||
r-release-windows-x86_64 | 0.1.0 | 5.00 | 53.00 | 58.00 | NOTE | |
r-oldrel-macos-arm64 | 0.1.0 | 23.00 | NOTE | |||
r-oldrel-macos-x86_64 | 0.1.0 | 27.00 | NOTE | |||
r-oldrel-windows-x86_64 | 0.1.0 | 4.00 | 55.00 | 59.00 | NOTE |
Version: 0.1.0
Check: LazyData
Result: NOTE
'LazyData' is specified without a 'data' directory
Flavors: r-devel-linux-x86_64-debian-clang, r-devel-linux-x86_64-debian-gcc, r-devel-linux-x86_64-fedora-clang, r-devel-linux-x86_64-fedora-gcc, r-devel-windows-x86_64, r-patched-linux-x86_64, r-release-linux-x86_64, r-release-macos-arm64, r-release-macos-x86_64, r-release-windows-x86_64, r-oldrel-macos-arm64, r-oldrel-macos-x86_64, r-oldrel-windows-x86_64