Last updated on 2023-05-28 05:52:17 CEST.
Flavor | Version | Tinstall | Tcheck | Ttotal | Status | Flags |
---|---|---|---|---|---|---|
r-devel-linux-x86_64-debian-clang | 0.0.1 | 166.37 | 188.01 | 354.38 | NOTE | |
r-devel-linux-x86_64-debian-gcc | 0.0.1 | 132.84 | 144.33 | 277.17 | NOTE | |
r-devel-linux-x86_64-fedora-clang | 0.0.1 | 491.61 | NOTE | |||
r-devel-linux-x86_64-fedora-gcc | 0.0.1 | 499.92 | NOTE | |||
r-devel-windows-x86_64 | 0.0.1 | 122.00 | 212.00 | 334.00 | NOTE | |
r-patched-linux-x86_64 | 0.0.1 | 136.25 | 185.56 | 321.81 | NOTE | |
r-release-linux-x86_64 | 0.0.1 | 137.08 | 184.52 | 321.60 | NOTE | |
r-release-macos-arm64 | 0.0.1 | 144.00 | NOTE | |||
r-release-macos-x86_64 | 0.0.1 | 425.00 | NOTE | |||
r-release-windows-x86_64 | 0.0.1 | 168.00 | 250.00 | 418.00 | NOTE | |
r-oldrel-macos-arm64 | 0.0.1 | 108.00 | NOTE | |||
r-oldrel-macos-x86_64 | 0.0.1 | 274.00 | NOTE | |||
r-oldrel-windows-x86_64 | 0.0.1 | 162.00 | 235.00 | 397.00 | NOTE |
Version: 0.0.1
Check: C++ specification
Result: NOTE
Specified C++11: please drop specification unless essential
Flavors: r-devel-linux-x86_64-debian-clang, r-devel-linux-x86_64-debian-gcc, r-devel-linux-x86_64-fedora-clang, r-devel-linux-x86_64-fedora-gcc, r-devel-windows-x86_64, r-patched-linux-x86_64, r-release-linux-x86_64, r-release-macos-arm64, r-release-macos-x86_64, r-release-windows-x86_64
Version: 0.0.1
Check: for GNU extensions in Makefiles
Result: NOTE
GNU make is a SystemRequirements.
Flavors: r-devel-linux-x86_64-debian-clang, r-devel-linux-x86_64-debian-gcc, r-devel-linux-x86_64-fedora-clang, r-devel-linux-x86_64-fedora-gcc, r-devel-windows-x86_64, r-patched-linux-x86_64, r-release-linux-x86_64, r-release-macos-arm64, r-release-macos-x86_64, r-release-windows-x86_64, r-oldrel-macos-arm64, r-oldrel-macos-x86_64, r-oldrel-windows-x86_64
Version: 0.0.1
Check: installed package size
Result: NOTE
installed size is 17.1Mb
sub-directories of 1Mb or more:
R 2.1Mb
libs 14.6Mb
Flavors: r-release-macos-arm64, r-release-macos-x86_64, r-oldrel-macos-arm64, r-oldrel-macos-x86_64