Last updated on 2023-06-09 05:55:09 CEST.
Flavor | Version | Tinstall | Tcheck | Ttotal | Status | Flags |
---|---|---|---|---|---|---|
r-devel-linux-x86_64-debian-clang | 2.2.2 | 92.53 | 346.04 | 438.57 | OK | |
r-devel-linux-x86_64-debian-gcc | 2.2.2 | 68.70 | 269.84 | 338.54 | OK | |
r-devel-linux-x86_64-fedora-clang | 2.2.2 | 545.41 | OK | |||
r-devel-linux-x86_64-fedora-gcc | 2.2.2 | 556.49 | OK | |||
r-devel-windows-x86_64 | 2.2.2 | 65.00 | 344.00 | 409.00 | OK | |
r-patched-linux-x86_64 | 2.2.2 | 76.16 | 341.68 | 417.84 | OK | |
r-release-linux-x86_64 | 2.2.2 | 70.36 | 337.04 | 407.40 | OK | |
r-release-macos-arm64 | 2.2.2 | 204.00 | NOTE | |||
r-release-macos-x86_64 | 2.2.2 | 434.00 | NOTE | |||
r-release-windows-x86_64 | 2.2.2 | 82.00 | 391.00 | 473.00 | OK | |
r-oldrel-macos-arm64 | 2.2.2 | 183.00 | NOTE | |||
r-oldrel-macos-x86_64 | 2.2.2 | 238.00 | NOTE | |||
r-oldrel-windows-x86_64 | 2.2.2 | 78.00 | 365.00 | 443.00 | OK |
Version: 2.2.2
Check: installed package size
Result: NOTE
installed size is 9.5Mb
sub-directories of 1Mb or more:
doc 1.6Mb
libs 7.3Mb
Flavors: r-release-macos-arm64, r-release-macos-x86_64, r-oldrel-macos-arm64, r-oldrel-macos-x86_64