CRAN Package Check Results for Package resample

Last updated on 2024-02-28 05:13:02 CET.

Flavor Version Tinstall Tcheck Ttotal Status Flags
r-devel-linux-x86_64-debian-clang 0.6 2.97 36.42 39.39 NOTE
r-devel-linux-x86_64-debian-gcc 0.6 2.11 27.59 29.70 NOTE
r-devel-linux-x86_64-fedora-clang 0.6 48.67 NOTE
r-devel-linux-x86_64-fedora-gcc 0.6 47.12 NOTE
r-devel-windows-x86_64 0.6 4.00 50.00 54.00 OK
r-patched-linux-x86_64 0.6 3.64 34.89 38.53 OK
r-release-linux-x86_64 0.6 3.24 35.73 38.97 OK
r-release-macos-arm64 0.6 19.00 OK
r-release-macos-x86_64 0.6 29.00 OK
r-release-windows-x86_64 0.6 5.00 53.00 58.00 OK
r-oldrel-macos-arm64 0.6 23.00 OK
r-oldrel-windows-x86_64 0.6 6.00 60.00 66.00 OK

Check Details

Version: 0.6
Check: Rd files
Result: NOTE checkRd: (-1) ExpandProbs.Rd:35: Lost braces; missing escapes or markup? 35 | {z_probs2 sqrt((n-1)/n) = t_probs,n-1} | ^ Flavors: r-devel-linux-x86_64-debian-clang, r-devel-linux-x86_64-debian-gcc, r-devel-linux-x86_64-fedora-clang, r-devel-linux-x86_64-fedora-gcc