Last updated on 2023-06-08 05:58:19 CEST.
Flavor | Version | Tinstall | Tcheck | Ttotal | Status | Flags |
---|---|---|---|---|---|---|
r-devel-linux-x86_64-debian-clang | 1.0.1 | 4.96 | 44.51 | 49.47 | NOTE | |
r-devel-linux-x86_64-debian-gcc | 1.0.1 | 3.98 | 33.88 | 37.86 | NOTE | |
r-devel-linux-x86_64-fedora-clang | 1.0.1 | 61.85 | NOTE | |||
r-devel-linux-x86_64-fedora-gcc | 1.0.1 | 67.78 | NOTE | |||
r-devel-windows-x86_64 | 1.0.1 | 7.00 | 57.00 | 64.00 | NOTE | |
r-patched-linux-x86_64 | 1.0.1 | 4.88 | 41.45 | 46.33 | NOTE | |
r-release-linux-x86_64 | 1.0.1 | 3.68 | 41.26 | 44.94 | NOTE | |
r-release-macos-arm64 | 1.0.1 | 31.00 | NOTE | |||
r-release-macos-x86_64 | 1.0.1 | 41.00 | NOTE | |||
r-release-windows-x86_64 | 1.0.1 | 7.00 | 60.00 | 67.00 | NOTE | |
r-oldrel-macos-arm64 | 1.0.1 | 25.00 | NOTE | |||
r-oldrel-macos-x86_64 | 1.0.1 | 43.00 | NOTE | |||
r-oldrel-windows-x86_64 | 1.0.1 | 7.00 | 62.00 | 69.00 | NOTE |
Version: 1.0.1
Check: LazyData
Result: NOTE
'LazyData' is specified without a 'data' directory
Flavors: r-devel-linux-x86_64-debian-clang, r-devel-linux-x86_64-debian-gcc, r-devel-linux-x86_64-fedora-clang, r-devel-linux-x86_64-fedora-gcc, r-devel-windows-x86_64, r-patched-linux-x86_64, r-release-linux-x86_64, r-release-macos-arm64, r-release-macos-x86_64, r-release-windows-x86_64, r-oldrel-macos-arm64, r-oldrel-macos-x86_64, r-oldrel-windows-x86_64