Last updated on 2023-05-30 05:57:44 CEST.
Flavor | Version | Tinstall | Tcheck | Ttotal | Status | Flags |
---|---|---|---|---|---|---|
r-devel-linux-x86_64-debian-clang | 2.1.2 | 4.00 | 39.52 | 43.52 | NOTE | |
r-devel-linux-x86_64-debian-gcc | 2.1.2 | 2.89 | 30.63 | 33.52 | NOTE | |
r-devel-linux-x86_64-fedora-clang | 2.1.2 | 55.21 | NOTE | |||
r-devel-linux-x86_64-fedora-gcc | 2.1.2 | 51.29 | NOTE | |||
r-devel-windows-x86_64 | 2.1.2 | 5.00 | 53.00 | 58.00 | NOTE | |
r-patched-linux-x86_64 | 2.1.2 | 3.29 | 37.76 | 41.05 | NOTE | |
r-release-linux-x86_64 | 2.1.2 | 4.13 | 38.25 | 42.38 | NOTE | |
r-release-macos-arm64 | 2.1.2 | 24.00 | NOTE | |||
r-release-macos-x86_64 | 2.1.2 | 31.00 | NOTE | |||
r-release-windows-x86_64 | 2.1.2 | 6.00 | 55.00 | 61.00 | NOTE | |
r-oldrel-macos-arm64 | 2.1.2 | 19.00 | NOTE | |||
r-oldrel-macos-x86_64 | 2.1.2 | 32.00 | NOTE | |||
r-oldrel-windows-x86_64 | 2.1.2 | 6.00 | 57.00 | 63.00 | NOTE |
Version: 2.1.2
Check: LazyData
Result: NOTE
'LazyData' is specified without a 'data' directory
Flavors: r-devel-linux-x86_64-debian-clang, r-devel-linux-x86_64-debian-gcc, r-devel-linux-x86_64-fedora-clang, r-devel-linux-x86_64-fedora-gcc, r-devel-windows-x86_64, r-patched-linux-x86_64, r-release-linux-x86_64, r-release-macos-arm64, r-release-macos-x86_64, r-release-windows-x86_64, r-oldrel-macos-arm64, r-oldrel-macos-x86_64, r-oldrel-windows-x86_64
Version: 2.1.2
Check: Rd cross-references
Result: NOTE
Undeclared package ‘magrittr’ in Rd xrefs
Flavor: r-devel-linux-x86_64-fedora-clang