CRAN Package Check Results for Package rematch

Last updated on 2023-06-09 05:55:09 CEST.

Flavor Version Tinstall Tcheck Ttotal Status Flags
r-devel-linux-x86_64-debian-clang 1.0.1 1.70 21.03 22.73 NOTE
r-devel-linux-x86_64-debian-gcc 1.0.1 1.29 16.67 17.96 NOTE
r-devel-linux-x86_64-fedora-clang 1.0.1 29.47 NOTE
r-devel-linux-x86_64-fedora-gcc 1.0.1 27.49 NOTE
r-devel-windows-x86_64 1.0.1 2.00 39.00 41.00 NOTE
r-patched-linux-x86_64 1.0.1 1.66 20.22 21.88 NOTE
r-release-linux-x86_64 1.0.1 1.77 20.14 21.91 NOTE
r-release-macos-arm64 1.0.1 16.00 NOTE
r-release-macos-x86_64 1.0.1 19.00 NOTE
r-release-windows-x86_64 1.0.1 2.00 39.00 41.00 NOTE
r-oldrel-macos-arm64 1.0.1 16.00 NOTE
r-oldrel-macos-x86_64 1.0.1 21.00 NOTE
r-oldrel-windows-x86_64 1.0.1 3.00 43.00 46.00 NOTE

Check Details

Version: 1.0.1
Check: LazyData
Result: NOTE
     'LazyData' is specified without a 'data' directory
Flavors: r-devel-linux-x86_64-debian-clang, r-devel-linux-x86_64-debian-gcc, r-devel-linux-x86_64-fedora-clang, r-devel-linux-x86_64-fedora-gcc, r-devel-windows-x86_64, r-patched-linux-x86_64, r-release-linux-x86_64, r-release-macos-arm64, r-release-macos-x86_64, r-release-windows-x86_64, r-oldrel-macos-arm64, r-oldrel-macos-x86_64, r-oldrel-windows-x86_64