Last updated on 2023-05-30 05:57:44 CEST.
Flavor | Version | Tinstall | Tcheck | Ttotal | Status | Flags |
---|---|---|---|---|---|---|
r-devel-linux-x86_64-debian-clang | 0.5 | 3.25 | 57.68 | 60.93 | OK | |
r-devel-linux-x86_64-debian-gcc | 0.5 | 2.54 | 45.32 | 47.86 | OK | |
r-devel-linux-x86_64-fedora-clang | 0.5 | 86.15 | OK | |||
r-devel-linux-x86_64-fedora-gcc | 0.5 | 81.59 | OK | |||
r-devel-windows-x86_64 | 0.5 | 4.00 | 63.00 | 67.00 | OK | |
r-patched-linux-x86_64 | 0.5 | 3.70 | 57.08 | 60.78 | OK | |
r-release-linux-x86_64 | 0.5 | 3.66 | 56.46 | 60.12 | OK | |
r-release-macos-arm64 | 0.5 | 6.00 | ERROR | |||
r-release-macos-x86_64 | 0.5 | 5.00 | ERROR | |||
r-release-windows-x86_64 | 0.5 | 4.00 | 69.00 | 73.00 | OK | |
r-oldrel-macos-arm64 | 0.5 | 9.00 | ERROR | |||
r-oldrel-macos-x86_64 | 0.5 | 11.00 | ERROR | |||
r-oldrel-windows-x86_64 | 0.5 | 4.00 | 72.00 | 76.00 | OK |
Version: 0.5
Check: package dependencies
Result: ERROR
Package required but not available: ‘Rmpi’
See section ‘The DESCRIPTION file’ in the ‘Writing R Extensions’
manual.
Flavors: r-release-macos-arm64, r-release-macos-x86_64, r-oldrel-macos-arm64, r-oldrel-macos-x86_64