CRAN Package Check Results for Package readsdmx

Last updated on 2023-06-04 05:50:52 CEST.

Flavor Version Tinstall Tcheck Ttotal Status Flags
r-devel-linux-x86_64-debian-clang 0.3.0 24.86 28.82 53.68 NOTE
r-devel-linux-x86_64-debian-gcc 0.3.0 19.43 22.78 42.21 NOTE
r-devel-linux-x86_64-fedora-clang 0.3.0 75.49 NOTE
r-devel-linux-x86_64-fedora-gcc 0.3.0 72.88 NOTE
r-devel-windows-x86_64 0.3.0 18.00 66.00 84.00 NOTE
r-patched-linux-x86_64 0.3.0 22.91 27.98 50.89 NOTE
r-release-linux-x86_64 0.3.0 19.73 27.45 47.18 NOTE
r-release-macos-arm64 0.3.0 26.00 NOTE
r-release-macos-x86_64 0.3.0 35.00 NOTE
r-release-windows-x86_64 0.3.0 20.00 69.00 89.00 NOTE
r-oldrel-macos-arm64 0.3.0 23.00 NOTE
r-oldrel-macos-x86_64 0.3.0 30.00 NOTE
r-oldrel-windows-x86_64 0.3.0 23.00 70.00 93.00 NOTE

Check Details

Version: 0.3.0
Check: LazyData
Result: NOTE
     'LazyData' is specified without a 'data' directory
Flavors: r-devel-linux-x86_64-debian-clang, r-devel-linux-x86_64-debian-gcc, r-devel-linux-x86_64-fedora-clang, r-devel-linux-x86_64-fedora-gcc, r-devel-windows-x86_64, r-patched-linux-x86_64, r-release-linux-x86_64, r-release-macos-arm64, r-release-macos-x86_64, r-release-windows-x86_64, r-oldrel-macos-arm64, r-oldrel-macos-x86_64, r-oldrel-windows-x86_64