CRAN Package Check Results for Package rdi

Last updated on 2023-06-04 05:50:52 CEST.

Flavor Version Tinstall Tcheck Ttotal Status Flags
r-devel-linux-x86_64-debian-clang 1.0.0 4.73 46.30 51.03 NOTE
r-devel-linux-x86_64-debian-gcc 1.0.0 3.54 35.58 39.12 NOTE
r-devel-linux-x86_64-fedora-clang 1.0.0 63.55 NOTE
r-devel-linux-x86_64-fedora-gcc 1.0.0 59.56 NOTE
r-devel-windows-x86_64 1.0.0 6.00 56.00 62.00 NOTE
r-patched-linux-x86_64 1.0.0 4.19 44.80 48.99 NOTE
r-release-linux-x86_64 1.0.0 4.36 44.70 49.06 NOTE
r-release-macos-arm64 1.0.0 21.00 NOTE
r-release-macos-x86_64 1.0.0 28.00 NOTE
r-release-windows-x86_64 1.0.0 7.00 59.00 66.00 NOTE
r-oldrel-macos-arm64 1.0.0 20.00 NOTE
r-oldrel-macos-x86_64 1.0.0 29.00 NOTE
r-oldrel-windows-x86_64 1.0.0 7.00 61.00 68.00 NOTE

Check Details

Version: 1.0.0
Check: LazyData
Result: NOTE
     'LazyData' is specified without a 'data' directory
Flavors: r-devel-linux-x86_64-debian-clang, r-devel-linux-x86_64-debian-gcc, r-devel-linux-x86_64-fedora-clang, r-devel-linux-x86_64-fedora-gcc, r-devel-windows-x86_64, r-patched-linux-x86_64, r-release-linux-x86_64, r-release-macos-arm64, r-release-macos-x86_64, r-release-windows-x86_64, r-oldrel-macos-arm64, r-oldrel-macos-x86_64, r-oldrel-windows-x86_64