CRAN Package Check Results for Package rblt

Last updated on 2023-06-02 05:58:07 CEST.

Flavor Version Tinstall Tcheck Ttotal Status Flags
r-devel-linux-x86_64-debian-clang 0.2.4.6 12.10 83.69 95.79 OK
r-devel-linux-x86_64-debian-gcc 0.2.4.6 9.19 62.21 71.40 OK
r-devel-linux-x86_64-fedora-clang 0.2.4.6 122.56 OK
r-devel-linux-x86_64-fedora-gcc 0.2.4.6 123.67 OK
r-devel-windows-x86_64 0.2.4.6 12.00 80.00 92.00 OK
r-patched-linux-x86_64 0.2.4.6 OK
r-release-linux-x86_64 0.2.4.6 7.22 77.66 84.88 OK
r-release-macos-arm64 0.2.4.6 39.00 OK
r-release-macos-x86_64 0.2.4.5 69.00 NOTE
r-release-windows-x86_64 0.2.4.6 14.00 94.00 108.00 OK
r-oldrel-macos-arm64 0.2.4.6 47.00 OK
r-oldrel-macos-x86_64 0.2.4.6 52.00 OK
r-oldrel-windows-x86_64 0.2.4.6 16.00 93.00 109.00 OK

Check Details

Version: 0.2.4.5
Check: LazyData
Result: NOTE
     'LazyData' is specified without a 'data' directory
Flavor: r-release-macos-x86_64