Last updated on 2023-05-28 05:52:16 CEST.
Flavor | Version | Tinstall | Tcheck | Ttotal | Status | Flags |
---|---|---|---|---|---|---|
r-devel-linux-x86_64-debian-clang | 0.3.0 | 73.29 | 72.46 | 145.75 | OK | |
r-devel-linux-x86_64-debian-gcc | 0.3.0 | 64.04 | 56.05 | 120.09 | OK | |
r-devel-linux-x86_64-fedora-clang | 0.3.0 | 245.40 | NOTE | |||
r-devel-linux-x86_64-fedora-gcc | 0.3.0 | 213.71 | NOTE | |||
r-devel-windows-x86_64 | 0.3.0 | 83.00 | 99.00 | 182.00 | OK | |
r-patched-linux-x86_64 | 0.3.0 | 50.95 | 69.73 | 120.68 | OK | |
r-release-linux-x86_64 | 0.3.0 | 58.38 | 68.83 | 127.21 | OK | |
r-release-macos-arm64 | 0.3.0 | 66.00 | NOTE | |||
r-release-macos-x86_64 | 0.3.0 | 106.00 | NOTE | |||
r-release-windows-x86_64 | 0.3.0 | 96.00 | 118.00 | 214.00 | OK | |
r-oldrel-macos-arm64 | 0.3.0 | 45.00 | NOTE | |||
r-oldrel-macos-x86_64 | 0.3.0 | 79.00 | NOTE | |||
r-oldrel-windows-x86_64 | 0.3.0 | 78.00 | 106.00 | 184.00 | OK |
Version: 0.3.0
Check: for GNU extensions in Makefiles
Result: NOTE
GNU make is a SystemRequirements.
Flavors: r-devel-linux-x86_64-fedora-clang, r-devel-linux-x86_64-fedora-gcc, r-release-macos-arm64, r-release-macos-x86_64, r-oldrel-macos-arm64, r-oldrel-macos-x86_64
Version: 0.3.0
Check: installed package size
Result: NOTE
installed size is 5.6Mb
sub-directories of 1Mb or more:
extdata 1.1Mb
libs 4.0Mb
Flavors: r-release-macos-arm64, r-release-macos-x86_64, r-oldrel-macos-arm64, r-oldrel-macos-x86_64