Last updated on 2023-06-09 05:55:08 CEST.
Flavor | Version | Tinstall | Tcheck | Ttotal | Status | Flags |
---|---|---|---|---|---|---|
r-devel-linux-x86_64-debian-clang | 1.0.0 | 235.28 | 429.37 | 664.65 | NOTE | |
r-devel-linux-x86_64-debian-gcc | 1.0.0 | 186.97 | 316.47 | 503.44 | NOTE | |
r-devel-linux-x86_64-fedora-clang | 1.0.0 | 802.29 | NOTE | |||
r-devel-linux-x86_64-fedora-gcc | 1.0.0 | 819.36 | NOTE | |||
r-devel-windows-x86_64 | 1.0.0 | 173.00 | 318.00 | 491.00 | NOTE | |
r-patched-linux-x86_64 | 1.0.0 | 168.46 | 407.20 | 575.66 | NOTE | |
r-release-linux-x86_64 | 1.0.0 | 143.65 | 405.80 | 549.45 | NOTE | |
r-release-macos-arm64 | 1.0.0 | 238.00 | NOTE | |||
r-release-macos-x86_64 | 1.0.0 | 391.00 | NOTE | |||
r-release-windows-x86_64 | 1.0.0 | 233.00 | 418.00 | 651.00 | NOTE | |
r-oldrel-macos-arm64 | 1.0.0 | 155.00 | NOTE | |||
r-oldrel-macos-x86_64 | 1.0.0 | 249.00 | NOTE | |||
r-oldrel-windows-x86_64 | 1.0.0 | 212.00 | 391.00 | 603.00 | NOTE |
Version: 1.0.0
Check: package dependencies
Result: NOTE
Package suggested but not available for checking: ‘gurobi’
Flavors: r-devel-linux-x86_64-debian-clang, r-devel-linux-x86_64-debian-gcc, r-devel-linux-x86_64-fedora-clang, r-devel-linux-x86_64-fedora-gcc, r-devel-windows-x86_64, r-patched-linux-x86_64, r-release-linux-x86_64, r-release-macos-arm64, r-release-macos-x86_64, r-release-windows-x86_64, r-oldrel-macos-arm64, r-oldrel-macos-x86_64, r-oldrel-windows-x86_64
Version: 1.0.0
Check: installed package size
Result: NOTE
installed size is 7.4Mb
sub-directories of 1Mb or more:
doc 1.7Mb
extdata 4.2Mb
Flavors: r-devel-linux-x86_64-fedora-clang, r-devel-windows-x86_64, r-release-macos-arm64, r-release-macos-x86_64, r-release-windows-x86_64, r-oldrel-macos-arm64, r-oldrel-macos-x86_64, r-oldrel-windows-x86_64