CRAN Package Check Results for Package rappsflyer

Last updated on 2023-06-09 05:55:08 CEST.

Flavor Version Tinstall Tcheck Ttotal Status Flags
r-devel-linux-x86_64-debian-clang 0.2.0 5.58 53.97 59.55 NOTE
r-devel-linux-x86_64-debian-gcc 0.2.0 3.95 40.84 44.79 NOTE
r-devel-linux-x86_64-fedora-clang 0.2.0 74.18 NOTE
r-devel-linux-x86_64-fedora-gcc 0.2.0 84.58 NOTE
r-devel-windows-x86_64 0.2.0 7.00 62.00 69.00 NOTE
r-patched-linux-x86_64 0.2.0 6.05 49.77 55.82 NOTE
r-release-linux-x86_64 0.2.0 5.68 49.73 55.41 NOTE
r-release-macos-arm64 0.2.0 35.00 NOTE
r-release-macos-x86_64 0.2.0 44.00 NOTE
r-release-windows-x86_64 0.2.0 8.00 67.00 75.00 NOTE
r-oldrel-macos-arm64 0.2.0 28.00 NOTE
r-oldrel-macos-x86_64 0.2.0 56.00 NOTE
r-oldrel-windows-x86_64 0.2.0 8.00 69.00 77.00 NOTE

Check Details

Version: 0.2.0
Check: LazyData
Result: NOTE
     'LazyData' is specified without a 'data' directory
Flavors: r-devel-linux-x86_64-debian-clang, r-devel-linux-x86_64-debian-gcc, r-devel-linux-x86_64-fedora-clang, r-devel-linux-x86_64-fedora-gcc, r-devel-windows-x86_64, r-patched-linux-x86_64, r-release-linux-x86_64, r-release-macos-arm64, r-release-macos-x86_64, r-release-windows-x86_64, r-oldrel-macos-arm64, r-oldrel-macos-x86_64, r-oldrel-windows-x86_64