Last updated on 2023-05-28 05:52:16 CEST.
Flavor | Version | Tinstall | Tcheck | Ttotal | Status | Flags |
---|---|---|---|---|---|---|
r-devel-linux-x86_64-debian-clang | 1.0.0 | 6.64 | 56.07 | 62.71 | NOTE | |
r-devel-linux-x86_64-debian-gcc | 1.0.0 | 5.34 | 42.22 | 47.56 | NOTE | |
r-devel-linux-x86_64-fedora-clang | 1.0.0 | 79.03 | NOTE | |||
r-devel-linux-x86_64-fedora-gcc | 1.0.0 | 72.11 | NOTE | |||
r-devel-windows-x86_64 | 1.0.0 | 8.00 | 60.00 | 68.00 | NOTE | |
r-patched-linux-x86_64 | 1.0.0 | 4.45 | 52.99 | 57.44 | NOTE | |
r-release-linux-x86_64 | 1.0.0 | 4.33 | 52.76 | 57.09 | NOTE | |
r-release-macos-arm64 | 1.0.0 | 25.00 | NOTE | |||
r-release-macos-x86_64 | 1.0.0 | 41.00 | NOTE | |||
r-release-windows-x86_64 | 1.0.0 | 8.00 | 68.00 | 76.00 | NOTE | |
r-oldrel-macos-arm64 | 1.0.0 | 27.00 | NOTE | |||
r-oldrel-macos-x86_64 | 1.0.0 | 53.00 | NOTE | |||
r-oldrel-windows-x86_64 | 1.0.0 | 9.00 | 75.00 | 84.00 | NOTE |
Version: 1.0.0
Check: LazyData
Result: NOTE
'LazyData' is specified without a 'data' directory
Flavors: r-devel-linux-x86_64-debian-clang, r-devel-linux-x86_64-debian-gcc, r-devel-linux-x86_64-fedora-clang, r-devel-linux-x86_64-fedora-gcc, r-devel-windows-x86_64, r-patched-linux-x86_64, r-release-linux-x86_64, r-release-macos-arm64, r-release-macos-x86_64, r-release-windows-x86_64, r-oldrel-macos-arm64, r-oldrel-macos-x86_64, r-oldrel-windows-x86_64