Last updated on 2023-05-28 05:52:16 CEST.
Flavor | Version | Tinstall | Tcheck | Ttotal | Status | Flags |
---|---|---|---|---|---|---|
r-devel-linux-x86_64-debian-clang | 1.2.5 | 118.66 | 31.18 | 149.84 | NOTE | |
r-devel-linux-x86_64-debian-gcc | 1.2.5 | 121.74 | 24.42 | 146.16 | NOTE | |
r-devel-linux-x86_64-fedora-clang | 1.2.5 | 206.34 | NOTE | |||
r-devel-linux-x86_64-fedora-gcc | 1.2.5 | 271.18 | NOTE | |||
r-devel-windows-x86_64 | 1.2.5 | 119.00 | 77.00 | 196.00 | NOTE | |
r-patched-linux-x86_64 | 1.2.5 | 126.24 | 30.69 | 156.93 | NOTE | |
r-release-linux-x86_64 | 1.2.5 | 123.49 | 29.72 | 153.21 | NOTE | |
r-release-macos-arm64 | 1.2.5 | 74.00 | NOTE | |||
r-release-macos-x86_64 | 1.2.5 | 118.00 | NOTE | |||
r-release-windows-x86_64 | 1.2.5 | 151.00 | 83.00 | 234.00 | NOTE | |
r-oldrel-macos-arm64 | 1.2.5 | 68.00 | NOTE | |||
r-oldrel-macos-x86_64 | 1.2.5 | 77.00 | NOTE | |||
r-oldrel-windows-x86_64 | 1.2.5 | 129.00 | 77.00 | 206.00 | OK |
Version: 1.2.5
Check: C++ specification
Result: NOTE
Specified C++11: please drop specification unless essential
Flavors: r-devel-linux-x86_64-debian-clang, r-devel-linux-x86_64-debian-gcc, r-devel-linux-x86_64-fedora-clang, r-devel-linux-x86_64-fedora-gcc, r-devel-windows-x86_64, r-patched-linux-x86_64, r-release-linux-x86_64, r-release-macos-arm64, r-release-macos-x86_64, r-release-windows-x86_64
Version: 1.2.5
Check: installed package size
Result: NOTE
installed size is 35.5Mb
sub-directories of 1Mb or more:
libs 35.3Mb
Flavors: r-release-macos-arm64, r-release-macos-x86_64, r-oldrel-macos-arm64, r-oldrel-macos-x86_64