CRAN Package Check Results for Package rTorch

Last updated on 2023-06-06 05:55:22 CEST.

Flavor Version Tinstall Tcheck Ttotal Status Flags
r-devel-linux-x86_64-debian-clang 0.4.2 9.45 89.14 98.59 NOTE
r-devel-linux-x86_64-debian-gcc 0.4.2 7.78 68.99 76.77 NOTE
r-devel-linux-x86_64-fedora-clang 0.4.2 125.36 NOTE
r-devel-linux-x86_64-fedora-gcc 0.4.2 152.19 NOTE
r-devel-windows-x86_64 0.4.2 10.00 102.00 112.00 NOTE
r-patched-linux-x86_64 0.4.2 8.57 84.72 93.29 NOTE
r-release-linux-x86_64 0.4.2 8.76 85.35 94.11 NOTE
r-release-macos-arm64 0.4.2 47.00 NOTE
r-release-macos-x86_64 0.4.2 74.00 NOTE
r-release-windows-x86_64 0.4.2 11.00 116.00 127.00 NOTE
r-oldrel-macos-arm64 0.4.2 34.00 NOTE
r-oldrel-macos-x86_64 0.4.2 50.00 NOTE
r-oldrel-windows-x86_64 0.4.2 13.00 105.00 118.00 NOTE

Check Details

Version: 0.4.2
Check: LazyData
Result: NOTE
     'LazyData' is specified without a 'data' directory
Flavors: r-devel-linux-x86_64-debian-clang, r-devel-linux-x86_64-debian-gcc, r-devel-linux-x86_64-fedora-clang, r-devel-linux-x86_64-fedora-gcc, r-devel-windows-x86_64, r-patched-linux-x86_64, r-release-linux-x86_64, r-release-macos-arm64, r-release-macos-x86_64, r-release-windows-x86_64, r-oldrel-macos-arm64, r-oldrel-macos-x86_64, r-oldrel-windows-x86_64

Version: 0.4.2
Check: dependencies in R code
Result: NOTE
    Namespace in Imports field not imported from: ‘methods’
     All declared Imports should be used.
Flavors: r-devel-linux-x86_64-fedora-clang, r-devel-linux-x86_64-fedora-gcc, r-oldrel-macos-arm64, r-oldrel-macos-x86_64