Last updated on 2023-06-10 05:52:43 CEST.
Flavor | Version | Tinstall | Tcheck | Ttotal | Status | Flags |
---|---|---|---|---|---|---|
r-devel-linux-x86_64-debian-clang | 1.1-1 | 3.95 | 47.58 | 51.53 | NOTE | |
r-devel-linux-x86_64-debian-gcc | 1.1-1 | 2.80 | 36.62 | 39.42 | NOTE | |
r-devel-linux-x86_64-fedora-clang | 1.1-1 | 63.78 | NOTE | |||
r-devel-linux-x86_64-fedora-gcc | 1.1-1 | 72.24 | NOTE | |||
r-devel-windows-x86_64 | 1.1-1 | 5.00 | 82.00 | 87.00 | NOTE | |
r-patched-linux-x86_64 | 1.1-1 | 4.61 | 44.97 | 49.58 | NOTE | |
r-release-linux-x86_64 | 1.1-1 | 2.33 | 45.81 | 48.14 | NOTE | |
r-release-macos-arm64 | 1.1-1 | 29.00 | NOTE | |||
r-release-macos-x86_64 | 1.1-1 | 38.00 | NOTE | |||
r-release-windows-x86_64 | 1.1-1 | 6.00 | 82.00 | 88.00 | NOTE | |
r-oldrel-macos-arm64 | 1.1-1 | 25.00 | NOTE | |||
r-oldrel-macos-x86_64 | 1.1-1 | 35.00 | NOTE | |||
r-oldrel-windows-x86_64 | 1.1-1 | 7.00 | 85.00 | 92.00 | NOTE |
Version: 1.1-1
Check: LazyData
Result: NOTE
'LazyData' is specified without a 'data' directory
Flavors: r-devel-linux-x86_64-debian-clang, r-devel-linux-x86_64-debian-gcc, r-devel-linux-x86_64-fedora-clang, r-devel-linux-x86_64-fedora-gcc, r-devel-windows-x86_64, r-patched-linux-x86_64, r-release-linux-x86_64, r-release-macos-arm64, r-release-macos-x86_64, r-release-windows-x86_64, r-oldrel-macos-arm64, r-oldrel-macos-x86_64, r-oldrel-windows-x86_64
Version: 1.1-1
Check: re-building of vignette outputs
Result: NOTE
Error(s) in re-building vignettes:
...
--- re-building ‘rDNAse.Rnw’ using Sweave
Loading required package: rDNAse
Error: processing vignette 'rDNAse.Rnw' failed with diagnostics:
Running 'texi2dvi' on 'rDNAse.tex' failed.
LaTeX errors:
! LaTeX Error: File `tablefootnote.sty' not found.
Type X to quit or <RETURN> to proceed,
or enter new name. (Default extension: sty)
! Emergency stop.
<read *>
l.6 \usepackage
[utf8]{inputenc}^^M
! ==> Fatal error occurred, no output PDF file produced!
--- failed re-building ‘rDNAse.Rnw’
SUMMARY: processing the following file failed:
‘rDNAse.Rnw’
Error: Vignette re-building failed.
Execution halted
Flavor: r-release-macos-x86_64