Last updated on 2023-06-03 05:52:40 CEST.
Flavor | Version | Tinstall | Tcheck | Ttotal | Status | Flags |
---|---|---|---|---|---|---|
r-devel-linux-x86_64-debian-clang | 0.1.4 | 38.00 | 32.66 | 70.66 | OK | |
r-devel-linux-x86_64-debian-gcc | 0.1.4 | 32.20 | 25.09 | 57.29 | OK | |
r-devel-linux-x86_64-fedora-clang | 0.1.4 | 104.86 | OK | |||
r-devel-linux-x86_64-fedora-gcc | 0.1.4 | 122.66 | OK | |||
r-devel-windows-x86_64 | 0.1.4 | 24.00 | 57.00 | 81.00 | OK | |
r-patched-linux-x86_64 | 0.1.4 | OK | ||||
r-release-linux-x86_64 | 0.1.4 | 26.29 | 30.93 | 57.22 | OK | |
r-release-macos-arm64 | 0.1.4 | 43.00 | OK | |||
r-release-macos-x86_64 | 0.1.4 | 67.00 | NOTE | |||
r-release-windows-x86_64 | 0.1.4 | 28.00 | 59.00 | 87.00 | OK | |
r-oldrel-macos-arm64 | 0.1.4 | 46.00 | OK | |||
r-oldrel-macos-x86_64 | 0.1.4 | 43.00 | OK | |||
r-oldrel-windows-x86_64 | 0.1.4 | 32.00 | 55.00 | 87.00 | OK |
Version: 0.1.4
Check: package dependencies
Result: NOTE
Packages suggested but not available for checking:
'BayesianTools', 'sensitivity'
Flavor: r-release-macos-x86_64