Last updated on 2023-05-28 05:52:16 CEST.
Flavor | Version | Tinstall | Tcheck | Ttotal | Status | Flags |
---|---|---|---|---|---|---|
r-devel-linux-x86_64-debian-clang | 1.60 | 89.19 | 416.10 | 505.29 | OK | |
r-devel-linux-x86_64-debian-gcc | 1.60 | 64.41 | 304.58 | 368.99 | OK | |
r-devel-linux-x86_64-fedora-clang | 1.60 | 620.51 | NOTE | |||
r-devel-linux-x86_64-fedora-gcc | 1.60 | 617.82 | OK | |||
r-devel-windows-x86_64 | 1.60 | 83.00 | 357.00 | 440.00 | NOTE | |
r-patched-linux-x86_64 | 1.60 | 86.96 | 393.84 | 480.80 | OK | |
r-release-linux-x86_64 | 1.60 | 85.23 | 393.78 | 479.01 | OK | |
r-release-macos-arm64 | 1.60 | 161.00 | NOTE | |||
r-release-macos-x86_64 | 1.60 | 426.00 | NOTE | |||
r-release-windows-x86_64 | 1.60 | 102.00 | 424.00 | 526.00 | NOTE | |
r-oldrel-macos-arm64 | 1.60 | 148.00 | NOTE | |||
r-oldrel-macos-x86_64 | 1.60 | 203.00 | NOTE | |||
r-oldrel-windows-x86_64 | 1.60 | 115.00 | 403.00 | 518.00 | NOTE |
Version: 1.60
Check: installed package size
Result: NOTE
installed size is 10.6Mb
sub-directories of 1Mb or more:
R 1.7Mb
contrib 3.8Mb
doc 3.0Mb
Flavors: r-devel-linux-x86_64-fedora-clang, r-devel-windows-x86_64, r-release-macos-arm64, r-release-macos-x86_64, r-release-windows-x86_64, r-oldrel-macos-arm64, r-oldrel-macos-x86_64, r-oldrel-windows-x86_64