CRAN Package Check Results for Package qbld

Last updated on 2023-06-09 05:55:07 CEST.

Flavor Version Tinstall Tcheck Ttotal Status Flags
r-devel-linux-x86_64-debian-clang 1.0.3 191.90 56.21 248.11 OK
r-devel-linux-x86_64-debian-gcc 1.0.3 158.05 41.87 199.92 OK
r-devel-linux-x86_64-fedora-clang 1.0.3 395.14 OK
r-devel-linux-x86_64-fedora-gcc 1.0.3 401.90 OK
r-devel-windows-x86_64 1.0.3 147.00 94.00 241.00 OK
r-patched-linux-x86_64 1.0.3 147.16 52.37 199.53 OK
r-release-linux-x86_64 1.0.3 145.59 52.14 197.73 OK
r-release-macos-arm64 1.0.3 92.00 NOTE
r-release-macos-x86_64 1.0.3 147.00 NOTE
r-release-windows-x86_64 1.0.3 189.00 99.00 288.00 OK
r-oldrel-macos-arm64 1.0.3 79.00 NOTE
r-oldrel-macos-x86_64 1.0.3 129.00 NOTE
r-oldrel-windows-x86_64 1.0.3 183.00 98.00 281.00 OK

Check Details

Version: 1.0.3
Check: installed package size
Result: NOTE
     installed size is 6.5Mb
     sub-directories of 1Mb or more:
     libs 6.0Mb
Flavors: r-release-macos-arm64, r-release-macos-x86_64, r-oldrel-macos-arm64, r-oldrel-macos-x86_64