Last updated on 2023-06-05 05:54:44 CEST.
Flavor | Version | Tinstall | Tcheck | Ttotal | Status | Flags |
---|---|---|---|---|---|---|
r-devel-linux-x86_64-debian-clang | 0.2.1 | 14.62 | 140.41 | 155.03 | OK | |
r-devel-linux-x86_64-debian-gcc | 0.2.1 | 11.75 | 104.99 | 116.74 | OK | |
r-devel-linux-x86_64-fedora-clang | 0.2.1 | 195.88 | NOTE | |||
r-devel-linux-x86_64-fedora-gcc | 0.2.1 | 198.81 | NOTE | |||
r-devel-windows-x86_64 | 0.2.1 | 16.00 | 112.00 | 128.00 | OK | |
r-patched-linux-x86_64 | 0.2.1 | 9.64 | 132.43 | 142.07 | OK | |
r-release-linux-x86_64 | 0.2.1 | 14.00 | 132.28 | 146.28 | OK | |
r-release-macos-arm64 | 0.2.1 | 63.00 | OK | |||
r-release-macos-x86_64 | 0.2.1 | 113.00 | OK | |||
r-release-windows-x86_64 | 0.2.1 | 19.00 | 142.00 | 161.00 | OK | |
r-oldrel-macos-arm64 | 0.2.1 | 49.00 | NOTE | |||
r-oldrel-macos-x86_64 | 0.2.1 | 76.00 | NOTE | |||
r-oldrel-windows-x86_64 | 0.2.1 | 19.00 | 143.00 | 162.00 | OK |
Version: 0.2.1
Check: dependencies in R code
Result: NOTE
Namespaces in Imports field not imported from:
‘data.table’ ‘readxl’ ‘reshape2’ ‘sjmisc’ ‘stringr’ ‘xlsx’
All declared Imports should be used.
Flavors: r-devel-linux-x86_64-fedora-clang, r-devel-linux-x86_64-fedora-gcc, r-oldrel-macos-arm64, r-oldrel-macos-x86_64