CRAN Package Check Results for Package qCBA

Last updated on 2024-03-03 04:48:45 CET.

Flavor Version Tinstall Tcheck Ttotal Status Flags
r-devel-linux-x86_64-debian-clang 0.5.1 11.77 109.56 121.33 OK
r-devel-linux-x86_64-debian-gcc 0.5.1 9.36 82.14 91.50 OK
r-devel-linux-x86_64-fedora-clang 0.5.1 147.74 OK
r-devel-linux-x86_64-fedora-gcc 0.5.1 145.32 OK
r-devel-windows-x86_64 0.5.1 11.00 92.00 103.00 OK
r-patched-linux-x86_64 0.5.1 16.47 107.89 124.36 OK
r-release-linux-x86_64 0.5.1 12.37 108.19 120.56 OK
r-release-macos-arm64 0.5.1 46.00 OK
r-release-macos-x86_64 0.5.1 68.00 NOTE
r-release-windows-x86_64 0.5.1 13.00 108.00 121.00 OK
r-oldrel-macos-arm64 0.5.1 39.00 OK
r-oldrel-windows-x86_64 0.5.1 13.00 108.00 121.00 OK

Check Details

Version: 0.5.1
Check: package dependencies
Result: NOTE Package suggested but not available for checking: ‘rCBA’ Flavor: r-release-macos-x86_64