Last updated on 2023-06-06 05:55:19 CEST.
Flavor | Version | Tinstall | Tcheck | Ttotal | Status | Flags |
---|---|---|---|---|---|---|
r-devel-linux-x86_64-debian-clang | 0.2.5 | 59.48 | 55.56 | 115.04 | NOTE | |
r-devel-linux-x86_64-debian-gcc | 0.2.5 | 44.79 | 42.84 | 87.63 | NOTE | |
r-devel-linux-x86_64-fedora-clang | 0.2.5 | 168.81 | NOTE | |||
r-devel-linux-x86_64-fedora-gcc | 0.2.5 | 161.94 | NOTE | |||
r-devel-windows-x86_64 | 0.2.5 | 48.00 | 86.00 | 134.00 | NOTE | |
r-patched-linux-x86_64 | 0.2.5 | 45.55 | 53.33 | 98.88 | NOTE | |
r-release-linux-x86_64 | 0.2.5 | 48.95 | 53.35 | 102.30 | NOTE | |
r-release-macos-arm64 | 0.2.5 | 49.00 | NOTE | |||
r-release-macos-x86_64 | 0.2.5 | 69.00 | NOTE | |||
r-release-windows-x86_64 | 0.2.5 | 58.00 | 99.00 | 157.00 | NOTE | |
r-oldrel-macos-arm64 | 0.2.5 | 34.00 | OK | |||
r-oldrel-macos-x86_64 | 0.2.5 | 52.00 | OK | |||
r-oldrel-windows-x86_64 | 0.2.5 | 55.00 | 88.00 | 143.00 | OK |
Version: 0.2.5
Check: C++ specification
Result: NOTE
Specified C++11: please drop specification unless essential
Flavors: r-devel-linux-x86_64-debian-clang, r-devel-linux-x86_64-debian-gcc, r-devel-linux-x86_64-fedora-clang, r-devel-linux-x86_64-fedora-gcc, r-devel-windows-x86_64, r-patched-linux-x86_64, r-release-linux-x86_64, r-release-macos-arm64, r-release-macos-x86_64, r-release-windows-x86_64