Last updated on 2023-06-05 05:54:44 CEST.
Flavor | Version | Tinstall | Tcheck | Ttotal | Status | Flags |
---|---|---|---|---|---|---|
r-devel-linux-x86_64-debian-clang | 0.10 | 941.84 | 226.08 | 1167.92 | NOTE | |
r-devel-linux-x86_64-debian-gcc | 0.10 | 756.84 | 166.63 | 923.47 | NOTE | |
r-devel-linux-x86_64-fedora-clang | 0.10 | 1772.50 | NOTE | |||
r-devel-linux-x86_64-fedora-gcc | 0.10 | 1905.00 | NOTE | |||
r-devel-windows-x86_64 | 0.10 | 685.00 | 202.00 | 887.00 | NOTE | |
r-patched-linux-x86_64 | 0.10 | 726.76 | 216.05 | 942.81 | NOTE | |
r-release-linux-x86_64 | 0.10 | 823.31 | 213.63 | 1036.94 | NOTE | |
r-release-macos-arm64 | 0.10 | 391.00 | NOTE | |||
r-release-macos-x86_64 | 0.10 | 669.00 | NOTE | |||
r-release-windows-x86_64 | 0.10 | 807.00 | 254.00 | 1061.00 | NOTE | |
r-oldrel-macos-arm64 | 0.10 | 335.00 | NOTE | |||
r-oldrel-macos-x86_64 | 0.10 | 498.00 | NOTE | |||
r-oldrel-windows-x86_64 | 0.10 | 774.00 | 240.00 | 1014.00 | OK |
Version: 0.10
Check: C++ specification
Result: NOTE
Specified C++11: please drop specification unless essential
Flavors: r-devel-linux-x86_64-debian-clang, r-devel-linux-x86_64-debian-gcc, r-devel-linux-x86_64-fedora-clang, r-devel-linux-x86_64-fedora-gcc, r-devel-windows-x86_64, r-patched-linux-x86_64, r-release-linux-x86_64, r-release-macos-arm64, r-release-macos-x86_64, r-release-windows-x86_64
Version: 0.10
Check: Rd files
Result: NOTE
checkRd: (-1) esa.Rd:15: Escaped LaTeX specials: \&
checkRd: (-1) meta_varcov.Rd:9: Escaped LaTeX specials: \&
checkRd: (-1) meta_varcov.Rd:120: Escaped LaTeX specials: \&
Flavors: r-devel-linux-x86_64-debian-clang, r-devel-linux-x86_64-debian-gcc, r-devel-linux-x86_64-fedora-clang, r-devel-linux-x86_64-fedora-gcc, r-devel-windows-x86_64, r-patched-linux-x86_64, r-release-linux-x86_64, r-release-macos-arm64, r-release-macos-x86_64, r-release-windows-x86_64
Version: 0.10
Check: installed package size
Result: NOTE
installed size is 29.7Mb
sub-directories of 1Mb or more:
libs 28.6Mb
Flavors: r-release-macos-arm64, r-release-macos-x86_64, r-oldrel-macos-arm64, r-oldrel-macos-x86_64