CRAN Package Check Results for Package provTraceR

Last updated on 2023-06-08 05:58:17 CEST.

Flavor Version Tinstall Tcheck Ttotal Status Flags
r-devel-linux-x86_64-debian-clang 1.0 2.69 25.43 28.12 NOTE
r-devel-linux-x86_64-debian-gcc 1.0 2.07 20.41 22.48 NOTE
r-devel-linux-x86_64-fedora-clang 1.0 38.56 NOTE
r-devel-linux-x86_64-fedora-gcc 1.0 47.74 NOTE
r-devel-windows-x86_64 1.0 4.00 43.00 47.00 NOTE
r-patched-linux-x86_64 1.0 2.81 25.19 28.00 NOTE
r-release-linux-x86_64 1.0 2.47 25.04 27.51 NOTE
r-release-macos-arm64 1.0 23.00 NOTE
r-release-macos-x86_64 1.0 34.00 NOTE
r-release-windows-x86_64 1.0 3.00 43.00 46.00 NOTE
r-oldrel-macos-arm64 1.0 17.00 NOTE
r-oldrel-macos-x86_64 1.0 25.00 NOTE
r-oldrel-windows-x86_64 1.0 5.00 46.00 51.00 NOTE

Check Details

Version: 1.0
Check: package dependencies
Result: NOTE
    Package suggested but not available for checking: ‘rdt’
Flavors: r-devel-linux-x86_64-debian-clang, r-devel-linux-x86_64-debian-gcc, r-devel-linux-x86_64-fedora-clang, r-devel-linux-x86_64-fedora-gcc, r-devel-windows-x86_64, r-patched-linux-x86_64, r-release-linux-x86_64, r-release-macos-arm64, r-release-macos-x86_64, r-release-windows-x86_64, r-oldrel-macos-arm64, r-oldrel-windows-x86_64

Version: 1.0
Check: LazyData
Result: NOTE
     'LazyData' is specified without a 'data' directory
Flavors: r-devel-linux-x86_64-debian-clang, r-devel-linux-x86_64-debian-gcc, r-devel-linux-x86_64-fedora-clang, r-devel-linux-x86_64-fedora-gcc, r-devel-windows-x86_64, r-patched-linux-x86_64, r-release-linux-x86_64, r-release-macos-arm64, r-release-macos-x86_64, r-release-windows-x86_64, r-oldrel-macos-arm64, r-oldrel-macos-x86_64, r-oldrel-windows-x86_64

Version: 1.0
Check: package dependencies
Result: NOTE
    Packages suggested but not available for checking: 'rdt', 'rdtLite'
Flavor: r-oldrel-macos-x86_64