Last updated on 2023-06-06 05:55:19 CEST.
Flavor | Version | Tinstall | Tcheck | Ttotal | Status | Flags |
---|---|---|---|---|---|---|
r-devel-linux-x86_64-debian-clang | 0.2.6 | 46.48 | 138.60 | 185.08 | NOTE | |
r-devel-linux-x86_64-debian-gcc | 0.2.6 | 37.80 | 105.21 | 143.01 | NOTE | |
r-devel-linux-x86_64-fedora-clang | 0.2.6 | 239.12 | NOTE | |||
r-devel-linux-x86_64-fedora-gcc | 0.2.6 | 248.87 | NOTE | |||
r-devel-windows-x86_64 | 0.2.6 | 36.00 | 149.00 | 185.00 | NOTE | |
r-patched-linux-x86_64 | 0.2.6 | 43.06 | 135.81 | 178.87 | NOTE | |
r-release-linux-x86_64 | 0.2.6 | 43.30 | 134.89 | 178.19 | NOTE | |
r-release-macos-arm64 | 0.2.6 | 99.00 | NOTE | |||
r-release-macos-x86_64 | 0.2.6 | 170.00 | NOTE | |||
r-release-windows-x86_64 | 0.2.6 | 45.00 | 174.00 | 219.00 | NOTE | |
r-oldrel-macos-arm64 | 0.2.6 | 94.00 | NOTE | |||
r-oldrel-macos-x86_64 | 0.2.6 | 97.00 | NOTE | |||
r-oldrel-windows-x86_64 | 0.2.6 | 45.00 | 166.00 | 211.00 | OK |
Version: 0.2.6
Check: C++ specification
Result: NOTE
Specified C++11: please drop specification unless essential
Flavors: r-devel-linux-x86_64-debian-clang, r-devel-linux-x86_64-debian-gcc, r-devel-linux-x86_64-fedora-clang, r-devel-linux-x86_64-fedora-gcc, r-devel-windows-x86_64, r-patched-linux-x86_64, r-release-linux-x86_64, r-release-macos-arm64, r-release-macos-x86_64, r-release-windows-x86_64
Version: 0.2.6
Check: installed package size
Result: NOTE
installed size is 5.8Mb
sub-directories of 1Mb or more:
data 2.1Mb
libs 2.9Mb
Flavors: r-release-macos-arm64, r-release-macos-x86_64, r-oldrel-macos-arm64, r-oldrel-macos-x86_64