CRAN Package Check Results for Package promotionImpact

Last updated on 2024-02-28 05:13:00 CET.

Flavor Version Tinstall Tcheck Ttotal Status Flags
r-devel-linux-x86_64-debian-clang 0.1.5 7.01 78.76 85.77 OK
r-devel-linux-x86_64-debian-gcc 0.1.5 6.95 59.80 66.75 OK
r-devel-linux-x86_64-fedora-clang 0.1.5 109.55 OK
r-devel-linux-x86_64-fedora-gcc 0.1.5 113.95 OK
r-devel-windows-x86_64 0.1.5 10.00 81.00 91.00 OK
r-patched-linux-x86_64 0.1.5 9.46 75.58 85.04 OK
r-release-linux-x86_64 0.1.5 0.47 1.64 2.11 ERROR
r-release-macos-arm64 0.1.5 38.00 OK
r-release-macos-x86_64 0.1.5 54.00 OK
r-release-windows-x86_64 0.1.5 14.00 88.00 102.00 OK
r-oldrel-macos-arm64 0.1.5 35.00 OK
r-oldrel-windows-x86_64 0.1.5 15.00 90.00 105.00 OK

Check Details

Version: 0.1.5
Check: package dependencies
Result: ERROR Package required but not available: ‘prophet’ See section ‘The DESCRIPTION file’ in the ‘Writing R Extensions’ manual. Flavor: r-release-linux-x86_64